{"id":16,"date":"2024-06-11T00:11:51","date_gmt":"2024-06-10T22:11:51","guid":{"rendered":"https:\/\/alphaville.mafiarecords.com\/?page_id=16"},"modified":"2024-07-04T15:21:55","modified_gmt":"2024-07-04T13:21:55","slug":"hlavni","status":"publish","type":"page","link":"https:\/\/alphaville.mafiarecords.com\/","title":{"rendered":"HLAVNI"},"content":{"rendered":"<div class=\"wpb-content-wrapper\"><p>[vc_row full_width=&#8220;stretch_row&#8220; overlay_background=&#8220;custom&#8220; overlay_custom_background=&#8220;#0a0a0a&#8220; overlay_opacity=&#8220;70&#8243; background_image=&#8220;36&#8243; background_position=&#8220;center center&#8220;][vc_column][tm_spacer size=&#8220;xs:150;sm:200;lg:250&#8243;][tm_image image_size=&#8220;custom&#8220; align=&#8220;center&#8220; image=&#8220;100&#8243; image_size_width=&#8220;200&#8243;][tm_heading tag=&#8220;div&#8220; custom_google_font=&#8220;&#8220; align=&#8220;center&#8220; text_color=&#8220;custom&#8220; custom_text_color=&#8220;#ffffff&#8220; text=&#8220;Legend\u00e1rn\u00ed skupina se sv\u00fdmi hity ze 40ti let\u00e9 kari\u00e9ry!&#8220; font_size=&#8220;lg:24&#8243;][tm_spacer size=&#8220;lg:30&#8243;][tm_heading custom_google_font=&#8220;&#8220; google_fonts=&#8220;font_family:Ubuntu%3A300%2C300italic%2Cregular%2Citalic%2C500%2C500italic%2C700%2C700italic|font_style:700%20bold%20regular%3A700%3Anormal&#8220; font_weight=&#8220;700&#8243; font_style=&#8220;italic&#8220; align=&#8220;center&#8220; text=&#8220;<mark>ALPHAVILLE<\/mark>&#8220; font_size=&#8220;xs:37;lg:70&#8243;][tm_spacer size=&#8220;lg:16&#8243;][tm_heading tag=&#8220;div&#8220; custom_google_font=&#8220;&#8220; align=&#8220;center&#8220; text_color=&#8220;custom&#8220; custom_text_color=&#8220;#ffffff&#8220; text=&#8220;<mark>14.11.2024<\/mark> FORUM KARL\u00cdN PRAHA&#8220; font_size=&#8220;lg:24&#8243;][tm_spacer size=&#8220;lg:35&#8243;][tm_button button=&#8220;url:https%3A%2F%2Fwww.ticketportal.cz%2Fevent%2FAlphaville-BEST-OF-40-YEARS|title:VSTUPENKY%20TICKETPORTAL|target:_blank&#8220; align=&#8220;center&#8220;][tm_spacer size=&#8220;lg:16&#8243;][tm_button button=&#8220;url:https%3A%2F%2Fwww.ticketmaster.cz%2Fevent%2Falphaville-40th-anniversary-of-the-band-tickets%2F51005%3Flanguage%3Den-us|title:VSTUPENKY%20TICKEMASTER|target:_blank&#8220; align=&#8220;center&#8220;][tm_spacer size=&#8220;lg:16&#8243;][tm_button button=&#8220;url:https%3A%2F%2Fwww.facebook.com%2Fevents%2F1496809741260622%2F%3Fref%3Dnewsfeed|title:FACEBOOK%20UD%C3%81LOST|target:_blank&#8220; align=&#8220;center&#8220; color=&#8220;custom&#8220; button_bg_color=&#8220;custom&#8220; font_color=&#8220;primary&#8220; custom_button_bg_color=&#8220;#ffffff&#8220;][tm_spacer size=&#8220;lg:16&#8243;][tm_spacer size=&#8220;lg:300&#8243;][\/vc_column][\/vc_row][vc_row full_width=&#8220;stretch_row&#8220; column_separator=&#8220;02&#8243; background_color=&#8220;custom&#8220; custom_background_color=&#8220;#f9f9f9&#8243;][vc_column][vc_row_inner content_placement=&#8220;middle&#8220; background_color=&#8220;custom&#8220; lg_spacing=&#8220;margin_top:-95;padding_top:45;padding_right:50;padding_bottom:45;padding_left:50&#8243; custom_background_color=&#8220;#ffffff&#8220; sm_spacing=&#8220;padding_right:15;padding_left:15&#8243; xs_spacing=&#8220;padding_right:0;padding_left:0&#8243; box_shadow=&#8220;0 0 40px rbga(0,0,0,0.06)&#8220;][vc_column_inner width=&#8220;1\/3&#8243;][tm_heading style=&#8220;modern-image&#8220; tag=&#8220;div&#8220; custom_google_font=&#8220;&#8220; font_weight=&#8220;500&#8243; text_color=&#8220;custom&#8220; custom_text_color=&#8220;#222222&#8243; text=&#8220;<mark>ALPHAVILLE<\/mark> za\u010d\u00edn\u00e1 za&#8220; font_size=&#8220;lg:24&#8243; css=&#8220;.vc_custom_1718058688770{padding-left: 20px !important;}&#8220;][\/vc_column_inner][vc_column_inner width=&#8220;2\/3&#8243;][tm_countdown style=&#8220;06&#8243; skin=&#8220;custom&#8220; number_color=&#8220;primary&#8220; align=&#8220;right&#8220; xs_align=&#8220;center&#8220; datetime=&#8220;2024\/11\/14 20:00&#8243; days=&#8220;dn\u00ed&#8220; hours=&#8220;hodin&#8220; minutes=&#8220;minut&#8220; seconds=&#8220;sekund&#8220;][\/vc_column_inner][\/vc_row_inner][\/vc_column][\/vc_row][vc_row full_width=&#8220;stretch_row&#8220; equal_height=&#8220;yes&#8220; column_separator=&#8220;02&#8243; background_color=&#8220;custom&#8220; custom_background_color=&#8220;#f9f9f9&#8243; el_id=&#8220;lineup&#8220;][vc_column width=&#8220;1\/2&#8243;][tm_spacer size=&#8220;lg:100&#8243;][tm_heading tag=&#8220;div&#8220; custom_google_font=&#8220;&#8220; font_weight=&#8220;500&#8243; text_transform=&#8220;uppercase&#8220; align=&#8220;center&#8220; text_color=&#8220;primary&#8220; text=&#8220;ARTIST&#8220; font_size=&#8220;lg:13&#8243; letter_spacing=&#8220;1px&#8220;][tm_spacer size=&#8220;lg:10&#8243;][tm_heading custom_google_font=&#8220;&#8220; align=&#8220;center&#8220; text=&#8220;ALPHAVILLE&#8220; font_size=&#8220;lg:34&#8243;][tm_spacer size=&#8220;lg:30&#8243;][tm_heading tag=&#8220;div&#8220; custom_google_font=&#8220;&#8220; align=&#8220;center&#8220; text=&#8220;DE&#8220; max_width=&#8220;392px&#8220;][tm_spacer size=&#8220;lg:100&#8243;][\/vc_column][vc_column width=&#8220;1\/2&#8243;][tm_spacer size=&#8220;lg:100&#8243;][tm_heading tag=&#8220;div&#8220; custom_google_font=&#8220;&#8220; font_weight=&#8220;500&#8243; text_transform=&#8220;uppercase&#8220; align=&#8220;center&#8220; text_color=&#8220;primary&#8220; text=&#8220;ARTIST&#8220; font_size=&#8220;lg:13&#8243; letter_spacing=&#8220;1px&#8220;][tm_spacer size=&#8220;lg:10&#8243;][tm_heading custom_google_font=&#8220;&#8220; align=&#8220;center&#8220; text=&#8220;OCE\u00c1N&#8220; font_size=&#8220;lg:34&#8243;][tm_spacer size=&#8220;lg:30&#8243;][tm_heading tag=&#8220;div&#8220; custom_google_font=&#8220;&#8220; align=&#8220;center&#8220; text=&#8220;CZ&#8220; max_width=&#8220;392px&#8220;][tm_spacer size=&#8220;lg:100&#8243;][\/vc_column][\/vc_row][vc_row el_id=&#8220;partneri&#8220;][vc_column][tm_spacer size=&#8220;lg:100&#8243;][tm_heading tag=&#8220;div&#8220; custom_google_font=&#8220;&#8220; font_weight=&#8220;500&#8243; text_transform=&#8220;uppercase&#8220; align=&#8220;center&#8220; text_color=&#8220;primary&#8220; text=&#8220;PARTNE\u0158I&#8220; font_size=&#8220;lg:13&#8243; letter_spacing=&#8220;1px&#8220;][tm_spacer size=&#8220;lg:30&#8243;][tm_client gutter=&#8220;30&#8243; auto_play=&#8220;5000&#8243; carousel_pagination=&#8220;01&#8243; items_display=&#8220;xs:2;sm:3;md:3;lg:4&#8243; items=&#8220;%5B%7B%22image%22%3A%2245%22%2C%22link%22%3A%22Link%22%7D%2C%7B%22image%22%3A%2246%22%2C%22link%22%3A%22Link%22%7D%2C%7B%22image%22%3A%2247%22%2C%22link%22%3A%22Link%22%7D%2C%7B%22image%22%3A%2248%22%2C%22link%22%3A%22Link%22%7D%5D&#8220;][tm_spacer size=&#8220;lg:100&#8243;][\/vc_column][\/vc_row][vc_row full_width=&#8220;stretch_row_content_no_spaces&#8220; content_placement=&#8220;middle&#8220; el_id=&#8220;lokace&#8220;][vc_column width=&#8220;1\/2&#8243; background_image=&#8220;44&#8243; background_position=&#8220;center center&#8220;][tm_spacer size=&#8220;lg:540&#8243;][\/vc_column][vc_column width=&#8220;1\/2&#8243; lg_spacing=&#8220;padding_right:15;padding_left:15&#8243;][tm_spacer size=&#8220;lg:100&#8243;][tm_heading tag=&#8220;div&#8220; custom_google_font=&#8220;&#8220; font_weight=&#8220;500&#8243; text_transform=&#8220;uppercase&#8220; align=&#8220;center&#8220; text_color=&#8220;primary&#8220; text=&#8220;LOKACE&#8220; font_size=&#8220;lg:13&#8243; letter_spacing=&#8220;1px&#8220;][tm_spacer size=&#8220;lg:10&#8243;][tm_heading custom_google_font=&#8220;&#8220; align=&#8220;center&#8220; text=&#8220;FORUM KARLIN PRAHA&#8220; font_size=&#8220;lg:34&#8243; max_width=&#8220;392px&#8220;][tm_spacer size=&#8220;lg:13&#8243;][tm_heading tag=&#8220;div&#8220; custom_google_font=&#8220;&#8220; align=&#8220;center&#8220; text_color=&#8220;custom&#8220; custom_text_color=&#8220;#222222&#8243; text=&#8220;Pernerova 51, 186 00 Praha 8&#8243; font_size=&#8220;lg:16&#8243; max_width=&#8220;392px&#8220;][tm_spacer size=&#8220;lg:25&#8243;][tm_spacer size=&#8220;lg:100&#8243;][\/vc_column][\/vc_row]<\/p>\n<\/div>","protected":false},"excerpt":{"rendered":"<p>[vc_row full_width=&#8220;stretch_row&#8220; overlay_background=&#8220;custom&#8220; overlay_custom_background=&#8220;#0a0a0a&#8220; overlay_opacity=&#8220;70&#8243; background_image=&#8220;36&#8243; background_position=&#8220;center center&#8220;][vc_column][tm_spacer size=&#8220;xs:150;sm:200;lg:250&#8243;][tm_image image_size=&#8220;custom&#8220; align=&#8220;center&#8220; image=&#8220;100&#8243; image_size_width=&#8220;200&#8243;][tm_heading tag=&#8220;div&#8220; custom_google_font=&#8220;&#8220; align=&#8220;center&#8220; text_color=&#8220;custom&#8220; custom_text_color=&#8220;#ffffff&#8220; text=&#8220;Legend\u00e1rn\u00ed skupina se sv\u00fdmi hity ze 40ti let\u00e9 kari\u00e9ry!&#8220; font_size=&#8220;lg:24&#8243;][tm_spacer size=&#8220;lg:30&#8243;][tm_heading custom_google_font=&#8220;&#8220; google_fonts=&#8220;font_family:Ubuntu%3A300%2C300italic%2Cregular%2Citalic%2C500%2C500italic%2C700%2C700italic|font_style:700%20bold%20regular%3A700%3Anormal&#8220; font_weight=&#8220;700&#8243; font_style=&#8220;italic&#8220; align=&#8220;center&#8220; text=&#8220;ALPHAVILLE&#8220; font_size=&#8220;xs:37;lg:70&#8243;][tm_spacer size=&#8220;lg:16&#8243;][tm_heading tag=&#8220;div&#8220; custom_google_font=&#8220;&#8220; align=&#8220;center&#8220; text_color=&#8220;custom&#8220; custom_text_color=&#8220;#ffffff&#8220; text=&#8220;14.11.2024 FORUM KARL\u00cdN PRAHA&#8220; font_size=&#8220;lg:24&#8243;][tm_spacer size=&#8220;lg:35&#8243;][tm_button button=&#8220;url:https%3A%2F%2Fwww.ticketportal.cz%2Fevent%2FAlphaville-BEST-OF-40-YEARS|title:VSTUPENKY%20TICKETPORTAL|target:_blank&#8220; align=&#8220;center&#8220;][tm_spacer size=&#8220;lg:16&#8243;][tm_button button=&#8220;url:https%3A%2F%2Fwww.ticketmaster.cz%2Fevent%2Falphaville-40th-anniversary-of-the-band-tickets%2F51005%3Flanguage%3Den-us|title:VSTUPENKY%20TICKEMASTER|target:_blank&#8220; align=&#8220;center&#8220;][tm_spacer size=&#8220;lg:16&#8243;][tm_button button=&#8220;url:https%3A%2F%2Fwww.facebook.com%2Fevents%2F1496809741260622%2F%3Fref%3Dnewsfeed|title:FACEBOOK%20UD%C3%81LOST|target:_blank&#8220; align=&#8220;center&#8220; color=&#8220;custom&#8220; button_bg_color=&#8220;custom&#8220; font_color=&#8220;primary&#8220; custom_button_bg_color=&#8220;#ffffff&#8220;][tm_spacer size=&#8220;lg:16&#8243;][tm_spacer size=&#8220;lg:300&#8243;][\/vc_column][\/vc_row][vc_row full_width=&#8220;stretch_row&#8220; column_separator=&#8220;02&#8243; background_color=&#8220;custom&#8220; custom_background_color=&#8220;#f9f9f9&#8243;][vc_column][vc_row_inner content_placement=&#8220;middle&#8220; background_color=&#8220;custom&#8220; lg_spacing=&#8220;margin_top:-95;padding_top:45;padding_right:50;padding_bottom:45;padding_left:50&#8243; custom_background_color=&#8220;#ffffff&#8220; sm_spacing=&#8220;padding_right:15;padding_left:15&#8243; xs_spacing=&#8220;padding_right:0;padding_left:0&#8243; box_shadow=&#8220;0 0 40px rbga(0,0,0,0.06)&#8220;][vc_column_inner width=&#8220;1\/3&#8243;][tm_heading style=&#8220;modern-image&#8220; tag=&#8220;div&#8220; custom_google_font=&#8220;&#8220; font_weight=&#8220;500&#8243; text_color=&#8220;custom&#8220; custom_text_color=&#8220;#222222&#8243; text=&#8220;ALPHAVILLE za\u010d\u00edn\u00e1 za&#8220; font_size=&#8220;lg:24&#8243; css=&#8220;.vc_custom_1718058688770{padding-left: 20px !important;}&#8220;][\/vc_column_inner][vc_column_inner width=&#8220;2\/3&#8243;][tm_countdown style=&#8220;06&#8243; skin=&#8220;custom&#8220; number_color=&#8220;primary&#8220; align=&#8220;right&#8220; xs_align=&#8220;center&#8220; datetime=&#8220;2024\/11\/14 20:00&#8243; days=&#8220;dn\u00ed&#8220; hours=&#8220;hodin&#8220; minutes=&#8220;minut&#8220; seconds=&#8220;sekund&#8220;][\/vc_column_inner][\/vc_row_inner][\/vc_column][\/vc_row][vc_row full_width=&#8220;stretch_row&#8220; equal_height=&#8220;yes&#8220; column_separator=&#8220;02&#8243; background_color=&#8220;custom&#8220; custom_background_color=&#8220;#f9f9f9&#8243; el_id=&#8220;lineup&#8220;][vc_column width=&#8220;1\/2&#8243;][tm_spacer size=&#8220;lg:100&#8243;][tm_heading tag=&#8220;div&#8220; custom_google_font=&#8220;&#8220; font_weight=&#8220;500&#8243; text_transform=&#8220;uppercase&#8220; align=&#8220;center&#8220; text_color=&#8220;primary&#8220; text=&#8220;ARTIST&#8220; font_size=&#8220;lg:13&#8243; letter_spacing=&#8220;1px&#8220;][tm_spacer size=&#8220;lg:10&#8243;][tm_heading custom_google_font=&#8220;&#8220; align=&#8220;center&#8220; text=&#8220;ALPHAVILLE&#8220; font_size=&#8220;lg:34&#8243;][tm_spacer size=&#8220;lg:30&#8243;][tm_heading tag=&#8220;div&#8220; custom_google_font=&#8220;&#8220; align=&#8220;center&#8220; text=&#8220;DE&#8220; max_width=&#8220;392px&#8220;][tm_spacer size=&#8220;lg:100&#8243;][\/vc_column][vc_column width=&#8220;1\/2&#8243;][tm_spacer size=&#8220;lg:100&#8243;][tm_heading tag=&#8220;div&#8220; custom_google_font=&#8220;&#8220; font_weight=&#8220;500&#8243; text_transform=&#8220;uppercase&#8220; align=&#8220;center&#8220; text_color=&#8220;primary&#8220; text=&#8220;ARTIST&#8220; font_size=&#8220;lg:13&#8243; letter_spacing=&#8220;1px&#8220;][tm_spacer size=&#8220;lg:10&#8243;][tm_heading custom_google_font=&#8220;&#8220; align=&#8220;center&#8220; text=&#8220;OCE\u00c1N&#8220; font_size=&#8220;lg:34&#8243;][tm_spacer size=&#8220;lg:30&#8243;][tm_heading tag=&#8220;div&#8220; custom_google_font=&#8220;&#8220; align=&#8220;center&#8220; text=&#8220;CZ&#8220; max_width=&#8220;392px&#8220;][tm_spacer size=&#8220;lg:100&#8243;][\/vc_column][\/vc_row][vc_row el_id=&#8220;partneri&#8220;][vc_column][tm_spacer size=&#8220;lg:100&#8243;][tm_heading tag=&#8220;div&#8220; custom_google_font=&#8220;&#8220; font_weight=&#8220;500&#8243; text_transform=&#8220;uppercase&#8220; align=&#8220;center&#8220; text_color=&#8220;primary&#8220; text=&#8220;PARTNE\u0158I&#8220; font_size=&#8220;lg:13&#8243; letter_spacing=&#8220;1px&#8220;][tm_spacer size=&#8220;lg:30&#8243;][tm_client gutter=&#8220;30&#8243; auto_play=&#8220;5000&#8243; carousel_pagination=&#8220;01&#8243; items_display=&#8220;xs:2;sm:3;md:3;lg:4&#8243; items=&#8220;%5B%7B%22image%22%3A%2245%22%2C%22link%22%3A%22Link%22%7D%2C%7B%22image%22%3A%2246%22%2C%22link%22%3A%22Link%22%7D%2C%7B%22image%22%3A%2247%22%2C%22link%22%3A%22Link%22%7D%2C%7B%22image%22%3A%2248%22%2C%22link%22%3A%22Link%22%7D%5D&#8220;][tm_spacer size=&#8220;lg:100&#8243;][\/vc_column][\/vc_row][vc_row full_width=&#8220;stretch_row_content_no_spaces&#8220; content_placement=&#8220;middle&#8220; el_id=&#8220;lokace&#8220;][vc_column width=&#8220;1\/2&#8243; background_image=&#8220;44&#8243; background_position=&#8220;center center&#8220;][tm_spacer size=&#8220;lg:540&#8243;][\/vc_column][vc_column width=&#8220;1\/2&#8243; lg_spacing=&#8220;padding_right:15;padding_left:15&#8243;][tm_spacer size=&#8220;lg:100&#8243;][tm_heading tag=&#8220;div&#8220; custom_google_font=&#8220;&#8220; font_weight=&#8220;500&#8243; text_transform=&#8220;uppercase&#8220; align=&#8220;center&#8220; text_color=&#8220;primary&#8220; text=&#8220;LOKACE&#8220; font_size=&#8220;lg:13&#8243; letter_spacing=&#8220;1px&#8220;][tm_spacer size=&#8220;lg:10&#8243;][tm_heading custom_google_font=&#8220;&#8220; align=&#8220;center&#8220; text=&#8220;FORUM KARLIN PRAHA&#8220; font_size=&#8220;lg:34&#8243; max_width=&#8220;392px&#8220;][tm_spacer size=&#8220;lg:13&#8243;][tm_heading tag=&#8220;div&#8220; custom_google_font=&#8220;&#8220; align=&#8220;center&#8220; text_color=&#8220;custom&#8220; custom_text_color=&#8220;#222222&#8243; text=&#8220;Pernerova 51, 186 00 Praha 8&#8243; font_size=&#8220;lg:16&#8243; max_width=&#8220;392px&#8220;][tm_spacer size=&#8220;lg:25&#8243;][tm_spacer size=&#8220;lg:100&#8243;][\/vc_column][\/vc_row]<\/p>\n","protected":false},"author":1,"featured_media":68,"parent":0,"menu_order":0,"comment_status":"closed","ping_status":"closed","template":"","meta":{"footnotes":""},"class_list":["post-16","page","type-page","status-publish","has-post-thumbnail","hentry"],"_links":{"self":[{"href":"https:\/\/alphaville.mafiarecords.com\/index.php\/wp-json\/wp\/v2\/pages\/16","targetHints":{"allow":["GET"]}}],"collection":[{"href":"https:\/\/alphaville.mafiarecords.com\/index.php\/wp-json\/wp\/v2\/pages"}],"about":[{"href":"https:\/\/alphaville.mafiarecords.com\/index.php\/wp-json\/wp\/v2\/types\/page"}],"author":[{"embeddable":true,"href":"https:\/\/alphaville.mafiarecords.com\/index.php\/wp-json\/wp\/v2\/users\/1"}],"replies":[{"embeddable":true,"href":"https:\/\/alphaville.mafiarecords.com\/index.php\/wp-json\/wp\/v2\/comments?post=16"}],"version-history":[{"count":20,"href":"https:\/\/alphaville.mafiarecords.com\/index.php\/wp-json\/wp\/v2\/pages\/16\/revisions"}],"predecessor-version":[{"id":101,"href":"https:\/\/alphaville.mafiarecords.com\/index.php\/wp-json\/wp\/v2\/pages\/16\/revisions\/101"}],"wp:featuredmedia":[{"embeddable":true,"href":"https:\/\/alphaville.mafiarecords.com\/index.php\/wp-json\/wp\/v2\/media\/68"}],"wp:attachment":[{"href":"https:\/\/alphaville.mafiarecords.com\/index.php\/wp-json\/wp\/v2\/media?parent=16"}],"curies":[{"name":"wp","href":"https:\/\/api.w.org\/{rel}","templated":true}]}}